Let d = 49 - 14. Let n = -21 + 26. What is the highest common factor of d and n?
5
Let b be (19 - 18)/(1/10). Suppose -5*g + 129 = -g - 3*l, -3*g + 4*l = -102. What is the highest common divisor of b and g?
10
Suppose -3*h - 5 = 1. Let k = h + 5. What is the highest common divisor of 21 and k?
3
Suppose -16*g + 111 + 417 = 0. What is the greatest common factor of 143 and g?
11
Let r(x) = x**2 - 4*x - 22. Let p be r(8). Let q(t) = 5*t - 26. Let z be q(p). What is the greatest common divisor of 8 and z?
8
Let g be ((-4)/(-10) - 0) + (-652)/(-20). Suppose -21*d + 18*d + 9 = 0. What is the greatest common divisor of g and d?
3
Suppose -4*y = -7 - 5. Suppose -6 + y = -t. Suppose 5*s - 2*x - 171 = 0, x - 23 = -3*s + 73. What is the highest common divisor of s and t?
3
Let n = 1329 - 985. Calculate the greatest common factor of 64 and n.
8
Let z = 15 - 19. Let m be (-2460)/(-8)*z/(-6). Calculate the highest common factor of 82 and m.
41
Suppose 0 = 14*b - 108 - 18. What is the greatest common factor of b and 18?
9
Let l be (-2)/(-3*2/9). Suppose 399 = l*n + 2*h, -4*n + h = 3*h - 532. Suppose 0 = 9*t + 322 - 493. Calculate the highest common divisor of t and n.
19
Let b(t) = t + 17. Let c be b(-7). Suppose -u = -c - 4. Calculate the highest common divisor of u and 35.
7
Let p be -1*((-26 - -1) + -1). Let y = 171 - p. What is the highest common divisor of 29 and y?
29
Let l be (-21)/(-9) + (-1)/3. Suppose -l*d + 750 = 3*d. Suppose -d = u - 3*u. What is the highest common factor of u and 50?
25
Suppose r = 4*t - 12, 5*r + 33 = 5*t + 3. Suppose 4*g + 5*j - 625 = 0, -3*g - g - t*j = -622. Let z = -51 + 113. What is the highest common factor of g and z?
31
Let v(j) = -6*j + 17. Let h(u) = 24*u - 69. Let p(b) = 4*h(b) + 15*v(b). Let z be p(6). Calculate the greatest common divisor of z and 3.
3
Suppose 3*p - 2 = x, 2*p = 4*p - x. Suppose -3*w = -5*g + 133 - 36, g - 9 = -p*w. Let y = -13 + g. What is the highest common divisor of y and 8?
4
Let o = 513 + -260. Calculate the greatest common factor of o and 11.
11
Let v(a) = 122*a - 130. Let f be v(5). Calculate the greatest common factor of 20 and f.
20
Suppose 0 = -4*q - 4, u - 5*q = -3 + 7. Let m be (4*1/10)/(u/(-150)). Calculate the greatest common factor of m and 24.
12
Let n(y) = -y**2 + 4*y + 7. Let a = -66 - -71. Let l be n(a). Calculate the greatest common factor of l and 10.
2
Suppose 6 + 2 = -2*t, 3*t + 9 = g. Let k be (6 - 3) + 0 - g. What is the highest common divisor of k and 42?
6
Let g(s) be the first derivative of -s**2/2 + 20*s + 11. Let r be g(11). Let p(z) = z**2 + 2. Let n be p(4). Calculate the greatest common divisor of n and r.
9
Let p be (-1 - (-8)/6)*3. Let a = 31 + -27. Suppose f - p = 3*g, -2*f + 2 = -a*g - 2. Calculate the highest common factor of g and 1.
1
Let r be 506/(-3)*(-3)/(-2)*-1. Suppose -28 = -z - 5. Calculate the greatest common factor of r and z.
23
Let b = -17 - -17. Suppose -2*t = v - b*t - 13, -4*v + 82 = -2*t. Let z be (3 - 2 - 3) + 21. Calculate the greatest common factor of z and v.
19
Suppose o - t + 8 = 0, 0*o + t = -3*o - 40. Let y be -2*(27/o - 5/20). What is the highest common divisor of y and 10?
5
Let p be (2 - 2)*2/4. Suppose -3 = -p*o - o. Let z = 138 - 117. What is the highest common divisor of z and o?
3
Let f(i) be the third derivative of -11*i**5/60 - i**4/24 + i**3/3 + 4*i**2. Let w be f(-2). Let n = w + 58. What is the highest common factor of n and 18?
18
Let w be ((-3)/(-2))/((-1)/(-10)). Suppose -r - 4*r + 375 = 0. What is the greatest common divisor of w and r?
15
Suppose -6*a = -2*a + 144. Let m = a + 90. Let p be 8085/297 - 4/18. Calculate the greatest common factor of p and m.
27
Suppose -x - x + 4*u = -32, 3*u + 11 = x. Calculate the greatest common divisor of 377 and x.
13
Suppose 0 = 4*h - 0*c - 2*c - 48, -42 = -4*h + 5*c. Let u = 885 + -742. What is the greatest common factor of u and h?
13
Let r be -22*2 + 0/6. Let g = r - -48. Calculate the highest common divisor of g and 2.
2
Suppose -56*g + 105 = -51*g. Calculate the highest common divisor of 168 and g.
21
Suppose -3*v + 5*v = 8. Let x = 12 - 12. Suppose 0*m - 2*m + 64 = x. What is the highest common factor of m and v?
4
Let r(v) = -3*v**3 - 10*v + 2. Let u be r(-6). Let l = 438 - u. Let h be (72/(-32))/(6/l). Calculate the greatest common factor of 34 and h.
34
Let d be (77/14)/(4/40). Suppose -2*y - 2 = -6. Let z be y/(-2 + (-48)/(-22)). Calculate the greatest common divisor of z and d.
11
Let g = 5 - 1. Suppose 2*j - 5*n + 44 = 924, 1784 = g*j - 4*n. Calculate the highest common divisor of j and 45.
45
Let g be 429 - (74 + -74)*(-2)/(-4). Calculate the greatest common factor of 156 and g.
39
Suppose 0 = 4*r - 16 - 20. Suppose -r = w + 3*z - 26, w - 4*z = 10. Suppose -2*x = -14 - 70. What is the greatest common divisor of x and w?
14
Let c(f) = f**3 - 7*f**2 - f + 4. Let y be c(7). Let h be (-18)/y + (-4 - -1). Let x be h/(-15) - (-764)/20. What is the highest common factor of x and 418?
38
Suppose 16*r = 62*r - 38272. Calculate the greatest common factor of 13 and r.
13
Suppose 0 = -2*k + 2*p - 108, k + 44 = -0*k - 4*p. Let x = 113 - k. Let c = -4210 + 4225. What is the greatest common factor of x and c?
15
Suppose 0 = 53*j - 41*j - 432. What is the greatest common factor of j and 24?
12
Let o(x) = -15*x + 295. Let p be o(-21). Calculate the greatest common factor of 20 and p.
10
Suppose 0 = -3*y + 5*w + 43, 4*y = 4*w + 52 - 0. Let z = 2 + 22. Suppose 0*u - 5*n + 70 = 5*u, -3*n - z = -3*u. Calculate the greatest common factor of u and y.
11
Suppose t + 36 = 7*t. Let x be 4/(8/t) + -3. Let w be -3 - 0 - -42 - x. What is the highest common divisor of 26 and w?
13
Suppose -5*s + 3*d = 7*d - 999, -5*d = 3*s - 602. Let h = s + -109. What is the highest common divisor of 9 and h?
9
Suppose p = -5*i + 29, 3*i = -p - 3*p + 99. Let m = 255 - 39. What is the highest common divisor of m and p?
24
Let s(l) = -89*l - 358. Let v be s(-5). Calculate the greatest common factor of v and 1421.
29
Let d = 9 + -7. Let p = d - -3. Suppose 5*m - w - 488 = 0, -4*m = -p*m + 2*w + 94. Calculate the greatest common divisor of m and 14.
14
Suppose 0 = -3*m + 4*m - 44. Let v = -25 + m. Let i(f) = 471*f - 2146. Let r be i(5). What is the highest common divisor of v and r?
19
Suppose -2655 + 489 = -19*n. Calculate the greatest common factor of 57 and n.
57
Suppose -5*t + 303 = -k, -5*t + 236 = 3*k - 55. What is the highest common divisor of t and 24?
12
Let z = 518 - 428. Calculate the greatest common divisor of z and 10.
10
Let h(w) = w - 2. Let a be h(8). Let s = a - 2. Suppose -s*n + 140 = -2*n. Calculate the highest common divisor of n and 10.
10
Let g = -271 - -414. Calculate the highest common divisor of 13 and g.
13
Let h(c) = -9*c + 54. Let o be h(6). Let r(m) = 2*m + 21. Let q be r(o). Suppose -4*a + 54 = -30. What is the greatest common factor of a and q?
21
Suppose -154 = -g + h, 2*h + 51 + 103 = g. Suppose 0 = -2*j + 166 + g. Calculate the highest common factor of j and 20.
20
Let d = -7 - -7. Let t = -17 - -25. Let l = t - d. Calculate the greatest common factor of l and 12.
4
Suppose 4*s + 173 = 713. Calculate the greatest common factor of 27 and s.
27
Let o be (-5859)/(-7) - 7 - (0 + 0). What is the highest common factor of 10 and o?
10
Let o be 1/2*(3 - -3). Suppose o*z - 314 = -5*y + 7*z, 0 = 2*y + 4*z - 148. Suppose -16*a = -13*a - y. Calculate the highest common factor of 198 and a.
22
Suppose 4*y = 2*y + 126. Let r be 3 + -1 + -2 - (-1 - 3). Suppose -x + 8 = h, 2*h - 5*x = r + 5. Calculate the highest common factor of h and y.
7
Let f(t) = 14*t**2 - 11*t - 22. Let k be f(-2). Calculate the greatest common factor of 672 and k.
56
Suppose 21*x = 5036 - 332. What is the highest common factor of x and 7?
7
Let d be 133/15 + (-8)/(-60). Calculate the greatest common divisor of d and 171.
9
Suppose 1320 = -129*c + 139*c. Calculate the greatest common factor of 24 and c.
12
Let m = -1077 + 1765. What is the greatest common factor of 16 and m?
16
Let a(c) = -5*c**3 - 5*c**2 - 10*c - 3. Let z be a(-3). Suppose -92 = 7*b - 10*b + 5*y, -4*b = -y - z. What is the greatest common divisor of 58 and b?
29
Let b = 301 + -299. Suppose -3*h + 2*r + 22 = 0, -15 = -5*h - 0*r - r. Calculate the highest com